- 77*l - 597. Calculate a(-7).
677
Let i(t) = 709*t - 257666. Calculate i(364).
410
Let z(r) = -r**3 - 1075*r**2 - 936*r + 148175. What is z(-1074)?
-37
Let a(n) = n**3 - 102*n**2 + 491*n - 799. Give a(97).
-217
Let r(k) = -152*k - 3954. What is r(-30)?
606
Let t(g) = -6228*g - 2516100. Give t(-404).
12
Let j(p) = 73*p**2 + 1585*p - 11233. Determine j(7).
3439
Let l(m) = -3*m**2 - 452*m - 8257. Give l(-19).
-752
Let g(t) = 2*t**3 + 296*t**2 - 310*t - 1632. Give g(-149).
156
Let q(n) = -n**3 - 6*n**2 + 236*n + 1835. Give q(-9).
-46
Let w(o) = 426*o - 9966. Give w(21).
-1020
Let v(h) = -42*h**2 + 258*h - 416. What is v(5)?
-176
Let s(r) = -45*r**3 - 11*r**2 - 22*r - 11. Give s(-1).
45
Let k(u) = 55*u + 542. Calculate k(-4).
322
Let r(z) = -922*z + 26769. What is r(29)?
31
Let g(q) = -344*q + 393. Give g(3).
-639
Let t(p) = -p**3 - 20*p**2 + 78*p + 69. Give t(-24).
501
Let j(t) = -302736*t + 3330148. Give j(11).
52
Let n(m) = m**3 + 5*m**2 - 384*m - 1181. Determine n(-3).
-11
Let c(x) = -590*x - 46012. Give c(-78).
8
Let b(z) = -6*z**2 - 5983*z + 24003. Give b(4).
-25
Let p(l) = -6*l**2 + 3352*l + 26625. Give p(-8).
-575
Let f(w) = w**3 - 15*w**2 - 10113*w + 141873. What is f(14)?
95
Let k(b) = -25*b**3 + 39*b**2 + 160*b - 37. Give k(-2).
-1
Let x(j) = -11*j**3 + 2664*j**2 - 10479*j - 41. What is x(4)?
-37
Let d(g) = 2716*g**2 - 24445*g - 18. Calculate d(9).
-27
Let x(t) = 4544*t - 9085. Determine x(2).
3
Let a(d) = 11*d**2 - 1274*d + 2613. Give a(114).
333
Let y(f) = f**2 - 988*f - 30586. Give y(-30).
-46
Let h(y) = -3*y**2 - 61339*y - 1776297. Determine h(-29).
11
Let n(k) = k**2 + 75*k - 102624. Determine n(285).
-24
Let h(n) = -100*n + 3539. What is h(49)?
-1361
Let s(u) = -u**3 - 68*u**2 - 94*u + 2537. Calculate s(-66).
29
Let k(g) = 3826*g + 340656. What is k(-89)?
142
Let x(u) = -58615*u - 4220277. Determine x(-72).
3
Let y(o) = o**2 + 57*o - 2139. Calculate y(28).
241
Let p(d) = -d**3 - 389*d**2 + 58*d - 283087. Determine p(-391).
-3
Let t(q) = 442840*q + 3542714. What is t(-8)?
-6
Let f(h) = 517*h**2 + 1141*h + 2276. Give f(-2).
2062
Let h(n) = n**3 + 7*n**2 + 9618*n - 28881. Give h(3).
63
Let s(m) = -m**3 + 4*m**2 + 23*m - 11. Determine s(-8).
573
Let p(l) = -7*l**3 + 555*l**2 - 208*l + 4029. Determine p(79).
79
Let b(q) = -11970*q - 490771. What is b(-41)?
-1
Let d(j) = 43*j**2 - 301*j - 1498. Determine d(-5).
1082
Let f(d) = -d**2 + 195*d - 7773. Determine f(52).
-337
Let b(k) = -10*k**2 - 1733*k - 54580. What is b(-132)?
-64
Let n(t) = -20*t**3 + 2599*t**2 + 140*t - 1293. Calculate n(130).
7
Let z(o) = 7803*o - 125510. Give z(16).
-662
Let b(p) = 46685*p - 233441. What is b(5)?
-16
Let f(c) = -3*c**3 + 1411*c**2 + 947*c - 2368. Determine f(471).
-13
Let s(m) = -381*m**2 + 325*m - 331. Determine s(1).
-387
Let z(l) = 100*l**2 - 205*l - 789. What is z(4)?
-9
Let h(g) = g**2 + 2565*g - 112260. Give h(43).
-116
Let m(r) = r**3 + 36*r**2 - 4151*r - 146613. What is m(-35)?
-103
Let q(y) = y**3 - 15*y**2 + 1299*y - 16512. Calculate q(13).
37
Let u(d) = 7168*d - 14068. What is u(2)?
268
Let f(p) = 8*p**3 + 13*p**2 + 7*p - 200. What is f(-5)?
-910
Let i(b) = b**3 - 110*b**2 - 456*b + 50178. Give i(110).
18
Let g(b) = b**3 - 2973*b**2 + 41442*b - 220. Determine g(14).
4
Let u(r) = -r**3 + 990*r**2 + 11094*r - 83071. What is u(1001)?
12
Let s(w) = 161*w + 5737. Give s(-35).
102
Let u(o) = -11347403*o + 56737014. What is u(5)?
-1
Let g(f) = f**2 - 62793*f + 313929. Calculate g(5).
-11
Let n(m) = 2*m**3 + 318*m**2 + 357*m + 5516. What is n(-158)?
-962
Let r(h) = 82*h - 3154. Calculate r(42).
290
Let i(q) = -2*q**2 - 66*q + 88. What is i(-31)?
212
Let n(p) = 3*p**2 - 54*p + 245. Determine n(4).
77
Let t(x) = -x**2 - 149955*x + 2549522. Determine t(17).
-2
Let a(d) = -2*d**2 - 221*d + 5594. What is a(-132)?
-82
Let s(d) = d**2 + 28389*d + 170282. Determine s(-6).
-16
Let o(z) = z**2 + 60168*z - 120343. What is o(2)?
-3
Let o(l) = -2*l**3 - 460*l**2 - 247*l + 48340. What is o(-229)?
21
Let d(g) = 64911*g - 4024478. Calculate d(62).
4
Let o(y) = y**3 - 65*y**2 - 883*y + 37299. What is o(70)?
-11
Let s(z) = z**3 + 26*z**2 + 498*z + 14138. Give s(-27).
-37
Let o(h) = 2*h**2 - 253*h + 2971. Determine o(13).
20
Let v(c) = -571*c + 18667. Determine v(33).
-176
Let t(n) = -193*n - 15366. What is t(-80)?
74
Let m(u) = 2066*u + 24545. What is m(-12)?
-247
Let s(v) = 14*v**2 + 412*v - 835. Calculate s(2).
45
Let f(k) = 3824*k + 34394. Determine f(-9).
-22
Let i(u) = 4*u**3 + 71*u**2 + 270*u - 335. Determine i(-8).
1
Let f(w) = -3*w**2 - 4409*w + 223248. Determine f(49).
4
Let y(m) = -16220*m - 2173484. Calculate y(-134).
-4
Let c(o) = -o**3 - 17*o**2 - 50*o + 35. Give c(-19).
1707
Let o(i) = -3560*i - 14328. Calculate o(-4).
-88
Let u(d) = -8979*d - 116529. Calculate u(-13).
198
Let y(o) = -11*o**2 - 998*o - 882. Calculate y(-90).
-162
Let r(q) = -1556*q - 325208. Give r(-209).
-4
Let k(t) = 241*t - 15270. Give k(63).
-87
Let v(t) = 4*t + 1130. Calculate v(-170).
450
Let d(j) = 22*j**3 + 3*j**2 - 26*j + 22. Give d(1).
21
Let p(z) = 30*z**2 - 1264*z + 5704. Calculate p(37).
6
Let a(f) = -3*f**3 - 35*f**2 + 547*f + 38. Calculate a(9).
-61
Let f(r) = 2704*r + 24349. Calculate f(-9).
13
Let r(t) = t**2 - 8068*t + 185081. Give r(23).
46
Let y(r) = -3*r**2 + 613*r - 277. Determine y(204).
-73
Let j(h) = -2222*h**3 - 8*h**2 + 919*h - 910. Give j(1).
-2221
Let c(u) = u**3 + 288*u**2 + 1379*u + 69019. Calculate c(-284).
7
Let w(i) = 4117*i + 53991. Give w(-13).
470
Let q(x) = x**2 + 7581*x - 22744. Give q(3).
8
Let a(b) = b**3 + 28*b**2 - 1373*b + 3002. Calculate a(24).
2
Let h(m) = 2*m**3 - 159*m**2 + 2592*m + 155. Determine h(23).
-6
Let x(k) = k**3 + 72*k**2 + 1068*k + 590. Determine x(-20).
30
Let c(x) = 9*x**2 + 2696*x - 3803. What is c(-301)?
110
Let t(l) = 6*l**2 - 24729*l + 49461. Give t(2).
27
Let s(a) = 2*a**2 + 239*a - 6136. Determine s(22).
90
Let a(z) = -2*z**2 + 41030*z - 778811. What is a(19)?
37
Let u(w) = -3*w**3 + 38*w - 111. Calculate u(8).
-1343
Let m(s) = -44948*s + 135972. What is m(3)?
1128
Let r(x) = 32*x**2 - 704*x - 2161. Calculate r(25).
239
Let u(t) = -t**3 + 48*t**2 + 310*t - 10389. Calculate u(50).
111
Let n(v) = -708*v - 18256. Calculate n(-24).
-1264
Let q(f) = 327*f**2 - 4616*f + 154. What is q(14)?
-378
Let q(j) = -j**2 + 54432*j + 3105879. Calculate q(-57).
6
Let o(k) = -k**3 + 123*k**2 + 173*k - 4211. Give o(124).
1865
Let h(u) = -u**3 - 138*u**2 - 3905*u - 4345. What is h(-99)?
11
Let b(s) = -277*s + 77874. Give b(281).
37
Let x(r) = 255*r + 9275. Give x(-35).
350
Let p(a) = 73*a + 10299. What is p(-105)?
2634
Let s(q) = 8028*q + 87848. Determine s(-11).
-460
Let i(y) = 10721*y - 418128. What is i(39)?
-9
Let x(n) = 339*n**3 + 2733*n**2 + 18*n + 9. What is x(-8)?
1209
Let o(k) = -69*k - 3192. What is o(-47)?
51
Let s(a) = 2*a**2 - 4321*a + 617998. Determine s(154).
-4
Let l(k) = 46*k**3 - 472*k**2 + 235*k - 1144. What is l(10)?
6
Let i(u) = 5*u**2 - 131*u - 8044. Determine i(-29).
-40
Let v(u) = 33*u**3 - 765*u**2 + 2987*u - 20. Calculate v(5).
-85
Let v(t) = 439972*t + 1319917. Calculate v(-3).
1
Let c(h) = -19*h**2 + 1808*h - 20276. What is c(13)?
17
Let c(h) = 30*h**2 + 6521*h + 13046. Calculate c(-2).
124
Let i(o) = 2*o**2 - 220*o + 5731. Give i(68).
19
Let k(g) = -1264*g + 96951. Determine k(77).
-377
Let z(j) = 2502*j + 75007. What is z(-30)?
-53
Let c(p) = -p**3 + 13*p**2 - 36*p + 170. What is c(8)?
202
Let u(c) = -688198*c - 4129189. Determine u(-6).
-1
Let l(s) = 74967*s - 3898331. What is l(52)?
-47
Let z(p) = -p**3 - 65*p**2 + 217*p + 804. Give z(-68).
-80
Let r(p) = -14*p**2 + 1452*p + 453. Give r(104).
37
Let s(b) = 2*b**3 + 46*b**2 - 94*b - 2698. What is s(-21)?
1040
Let t(f) = 2*f**2 - 939*f + 3743. Calculate t(4).
19
Let x(q) = -6*q**3 - 863*q**2 + 1899*q + 225. What is x(-146)?
79
Let v(y) = -y**2 - 2381*y - 11873. Calculate v(-5).
7
Let p(z) = -z**3 - 21*z**2 - 352*z - 7963. Give p(-22).
265
Let b(n) = 1641243*n + 6564979. Calculate b(-4).
7
Let b(i) = -8*i**2 + 2787*i - 40005. What is b(15)?
0
Let r(h) = 194*h**2 + 2518*h + 67. Give r(-13).
119
Let o(s) = -5*s**2 - 21*s + 287. Determine o(14).
-987
Let u(m) = m**3 - 63*m**2 - 668*m - 4510. What is u(73)?
16
Let h(x) = 22*x**3 + 2*x**2 + 1381*x + 1382. Determ